 l(a) = a**2 - 13*a - 30. Determine l(n).
-16
Let o(h) = -h**2 - h + 2. Let y = 3 + 0. Suppose -c + 12 = y*c. Suppose -2*f = c*f - 15. Calculate o(f).
-10
Let p(g) = 2*g**2 - 3*g + 1. Let n be p(2). Let o(m) = -3*m + 561 + 570 + 564 - 1693. What is o(n)?
-7
Let u(d) = -d**3 + 2 + 0*d + 0*d + 7*d**2 - 6*d. Determine u(6).
2
Let o(g) = -g**2 + 4*g - 6. Let h be o(4). Let d(w) = -24*w**2 - 5 + 11*w**2 - 9*w + 6*w**2 + 6*w**2. Determine d(h).
13
Let g(k) = -k**3 - 2*k**2 + 5*k + 2. Let q be g(-3). Let p(u) = -u - 2. Let h(j) = -6*j - 9. Let d = 7 - -4. Let y(l) = d*p(l) - 2*h(l). Give y(q).
-8
Let u(h) = -1. Suppose -3*c = -3 - 12. Let p(d) = d**2 + 6*d. Let b(w) = c*u(w) + p(w). Give b(-6).
-5
Let l(y) = -2*y**3 + y**2 - y. Suppose -4*k + 4*d = k + 120, 96 = -4*k - d. Let g be 36/k*(-8)/3. Suppose 6 - g = 2*z. Determine l(z).
-2
Let p(v) = -v**2 + 4*v. Let u(r) = 3*r**2. Let m be u(-1). Suppose -l = 3*a - 3*l - 4, m*a - 3*l = 3. Suppose 3*k + a - 14 = 0. What is p(k)?
0
Suppose -5*z - 12 = -z + 5*q, -5*z + 5*q = -30. Suppose z*t + 5*n + 2 = -4, 4*n = 4*t - 44. Let j(f) = -3*f - f + 9 + 3*f + 0*f. What is j(t)?
2
Let p(r) be the second derivative of -5*r**3/6 + 8*r**2 + 11*r. Let q(t) = 14*t - 47. Let f(v) = 17*p(v) + 6*q(v). Calculate f(0).
-10
Let u(o) = o**3 + 6*o**2 - o - 2. Suppose -11*t + 7*t = -8. Suppose -t*x + 2*a = 14, x + 9 = -3*a + 6*a. Calculate u(x).
4
Let q(u) = u**3 + 6*u**2 + 4*u - 1. Suppose 0*i - 5*i = -2*k - 9, 4*i = -5*k + 27. Suppose k*o + 12 = -o. Let y = -8 - o. Determine q(y).
4
Let w(g) = g**3 + 14*g**2 + 12*g - 16. Let u(q) be the first derivative of -q**4/4 - 2*q**3 + q**2/2 - 7*q - 18. Let s be u(-6). Give w(s).
-3
Let r(y) = 116 - y**3 - 122 - 6*y**2 + y + 0*y**3. Suppose 0 = -b + 5 - 2. Suppose 0 = -b*g - 0*g - 18. Give r(g).
-12
Let k = -55 - -58. Suppose 4*b = 0, -2*w + 1 = -k*w - 5*b. Let u(f) = -11*f**3 + f**2 + 2*f + 1. Determine u(w).
11
Let w = 425 + -418. Let f(b) = b**3 - 6*b**2 - 9*b - 7. What is f(w)?
-21
Let v be (4/16)/(2/16). Let w(f) be the first derivative of -3 - 3*f + 1/2*f**v. Give w(3).
0
Suppose 0 = -4*o - 46 + 54. Suppose -16 + 30 = -o*x. Let c(b) = -b**2 - 10*b - 7. Determine c(x).
14
Let r(m) = 9*m - 2. Let g be ((-16)/((-2080)/78))/(1/(-5)). What is r(g)?
-29
Let a(q) = -1 - 219*q + 0 + 218*q + 0. Let f(x) = -x + 4. Let r be f(6). Let d be ((-10)/(-4))/5*r. Calculate a(d).
0
Let m(i) be the second derivative of i**5/20 + i**4/2 + 3*i**2/2 - 17*i - 2. Determine m(-3).
30
Let m(j) be the first derivative of j**3/3 - 5*j**2/2 - 2*j - 2. Suppose -9*r + 19*r = 50. Suppose t = -0*t + r. Give m(t).
-2
Suppose 8 = -2*r, -h + 0*h + 3*r + 5 = 0. Let p be 2/(-2) - (h + 11). Let u(i) = i**3 + 6*i**2 + 8*i + 5. What is u(p)?
-10
Suppose -100*g = -102*g + 2. Let w(x) = -x**2 + x - 1. Let p(d) = d**2 - 7*d + 2. Let u(c) = g*p(c) + 2*w(c). What is u(-4)?
4
Let y(x) = 9*x**2 + 19*x - 5*x**2 - 17*x + 4 + 0*x**3 - x**3. Determine y(5).
-11
Let i(j) = j - 15. Let q(p) = -1. Let n(v) = -i(v) + 4*q(v). Let z be (-68)/(-7) + (-24)/(-84). Let r be n(z). Let w(y) = 5*y - 1. Give w(r).
4
Let b(o) be the first derivative of o**4/4 - o**3/3 + o**2 - 3*o + 256. Suppose 6*c = c + 10. Determine b(c).
5
Let b(c) = -c**2 - 7*c + 3. Suppose 112*f = 111*f + 2. Suppose -8 = 4*w - f*w. Calculate b(w).
15
Let t = 9 + -16. Let o(m) be the second derivative of m**5/20 + 2*m**4/3 + m**3 - 2*m**2 - 99*m. Determine o(t).
3
Let o(i) = 4 + 73*i**2 + 0*i - i - 2 - 74*i**2. Let a(j) = -j + 1. Let d(r) = 5*a(r) + o(r). Determine d(-6).
7
Let s(w) = -w - 1. Let q be s(-1). Let g(o) be the second derivative of 0 - 7/2*o**2 - 6*o + 1/6*o**3. What is g(q)?
-7
Let z = 1290 + -1270. Let h(y) = y**3 - 20*y**2 + y - 5. Give h(z).
15
Let l(w) = -w**2 + w + 3. Suppose 0 = -28*v + 33*v + 300. Let p = -57 - v. Determine l(p).
-3
Let l(x) = -x**2 - 6*x + 8. Suppose 2*d + 0*d + 4*h = 52, -5*d - 5*h = -125. Let f be (-2)/((-4)/d*-2). Determine l(f).
8
Let l be 20/6*(-111)/(-74). Let u(y) be the second derivative of y**5/20 - y**4/4 - 5*y**3/6 - 3*y**2 - 12*y. Calculate u(l).
19
Let g(u) = -6*u**2 + 4*u + u**2 + 18 - 23. Suppose 0 = 4*x + 4. Let t(j) = j**2 + 1. Let d(o) = x*g(o) - 4*t(o). Determine d(4).
1
Let d be (0 + 1)/((-5)/(-25)). Let t(n) = 7 - 10*n - 19*n**2 + 3 + 18*n**2 - d. Calculate t(-11).
-6
Let u(s) be the first derivative of s**4/2 - 4*s**3/3 + 3*s**2/2 - 3852. Suppose 4*p = -0*p. Let z = 2 - p. Give u(z).
6
Let k(i) be the first derivative of -i**4/4 + 4*i**3/3 + 2*i**2 - i + 90. Give k(4).
15
Let d(v) = -9*v**2 + 5*v + 8. Let y(x) = 5*x**2 - 2*x - 4. Let c(j) = 3*d(j) + 5*y(j). What is c(4)?
-8
Let p be (-11)/4 - 2/8. Let x(q) be the second derivative of -q**3/2 - 2*q**2 + 2*q - 13. Determine x(p).
5
Let v = -836 + 860. Let k = 50 + -28. Let c = v - k. Let w(h) = 2*h**2 + 1. Calculate w(c).
9
Let w(x) = -x - 1. Let r = 22 - 13. Let t be r/(-36) + (-7)/4. Let l be 2 + t - 6/3. What is w(l)?
1
Let a(h) = 8*h**2 - 2. Let c(q) = q**3 + q**2 + 1. Let j(t) = -a(t) + 2*c(t). Give j(4).
36
Suppose -11*k - 90 = -222. Let t(f) = -f**3 + 12*f**2 - 6. Determine t(k).
-6
Let h(k) be the third derivative of k**6/30 - k**5/30 + k**3/6 + 11*k**2. Let l(x) = -3*x - 1. Let g be l(-1). Let c = g + -3. What is h(c)?
-5
Let r(b) = b**3 + 8*b**2 + 11*b - 11. Let g be r(-6). Let p(f) = -f - 8. Give p(g).
-3
Let i(s) be the first derivative of -s**5/120 + s**4/24 - s**3 - 11. Let y(r) be the third derivative of i(r). What is y(2)?
-1
Let h(t) = t**3 + t + 1. Let d(g) = -g + 1. Let c(r) = -d(r) + h(r). Suppose 4 - 10 = -2*q. Suppose -5*x + 14 = -2*b, 4*b - 3*b - q*x = -8. Give c(b).
-12
Let j(s) = -5*s**2 + 2*s - 1. Let t be j(1). Let h = 22 + -20. Let o(d) = -56 + 6*d - 2*d + 54 - h*d. Give o(t).
-10
Let j(h) = h**2 - 18*h + 4. Let x be j(18). Let v(u) = -5*u + 10. Calculate v(x).
-10
Let x = -53 + 50. Let c(k) = k**3 + k**2 + 4*k. Determine c(x).
-30
Let w be (16/(-72))/((-1)/63). Let n(o) = o - 13. Calculate n(w).
1
Let r(w) = w**3 - 6*w**2 - 2*w + 6. Let y(m) = 2*m**2 + 5*m - 2. Let b be y(-5). Suppose -3*d = c - 47, -d = -3*c + c - 25. Let x = b - d. Give r(x).
-6
Let p(b) = 12*b**2 - b**3 + 2*b**3 - 4*b**2 - 1 + 7*b. Let d be p(-7). Let i = 7 + d. Let c(o) = o - 11. What is c(i)?
-5
Let u(r) be the third derivative of -r**8/20160 + r**7/720 - r**6/240 + r**5/30 + 15*r**2. Let d(a) be the third derivative of u(a). What is d(7)?
-3
Let o be 5/2 + 90/(-60). Let t(p) be the first derivative of p**5/60 - p**4/24 - p**2/2 + 2. Let v(q) be the second derivative of t(q). Give v(o).
0
Let z(v) = -v**3 - 3*v**2 - 6*v + 5. Let j(u) = u**3 - u**2 - u + 1. Let h(x) = -x**2 - 13*x - 13. Let g be h(-12). Let a(d) = g*z(d) - 2*j(d). Calculate a(6).
5
Let r = 7 - 3. Suppose 1 = 5*y + d + 2, 0 = -5*y - 4*d - r. Let k(p) be the first derivative of -p**4/4 + p**2/2 + 3*p + 7. Calculate k(y).
3
Let y(l) = -l**3 - 3*l + 3. Suppose -29*k + 30*k + z = -5, 10 = -2*z. Calculate y(k).
3
Suppose -4*d + 138 = 122. Let t(p) = p**2 - 3*p + 2. Determine t(d).
6
Let j(q) = q**3 - 10*q**2 + 8*q. Let a(d) = -d**2 - d + 2. Let o(p) = 2*a(p) - j(p). What is o(6)?
16
Let i(z) = 803*z**3 + 6*z + 3*z**2 - 2 - 804*z**3 + 0. Give i(4).
6
Let k(r) = 6 + r**2 - 7*r + 0*r**2 - 1 + 0*r**2. Suppose -c + 18 = 3*t - 4*c, 3*c = -3. What is k(t)?
-5
Suppose 65*j - 60*j - 2*o = -40, 0 = 3*o. Let c(h) = 3*h + 19. Determine c(j).
-5
Let b = -84 - -87. Let d(k) = 1 - 5*k**3 - 3*k**b - 4*k**3 - 2*k. Give d(1).
-13
Let h be (6 + -4)*(-15)/(-6). Let q(t) = t**2 - 5*t + 1. What is q(h)?
1
Let n be 0 + (-10)/5 + 4. Let x(h) = h**3 + 5*h - 2*h**2 - 4*h**n - 1 - 5*h**2 + 4*h**2. Let l(b) = -3*b - 6. Let y be l(-4). Calculate x(y).
-7
Let m(c) = c**3 - 2*c**2 - c + 2. Suppose -5*v = -v. Let q(w) = 4*w**2 - 2*w**2 - 3*w**2 + 130*w + 2 - 131*w. Let x be q(v). Calculate m(x).
0
Suppose -i - 7 = 3*w, -w = 2*i - 4*i + 7. Let u be ((-3 - 1)/2)/(2/(-6)). Let f(y) = -i + y**2 - u*y - 3*y + 0*y. Calculate f(8).
-10
Let b(t) be the third derivative of -1 - 1/24*t**4 + 7/6*t**3 + 0*t + 6*t**2. Determine b(8).
-1
Let n(k) be the third derivative of k**6/360 - k**5/30 - k**4/6 + 5*k**3/2 - 29*k**2. Let y(w) be the first derivative of n(w). Calculate y(6).
8
Let o be ((-2)/4)/((-18)/(-1080)). Let i be o/75 + (-2)/(-5). Let q(